8 = 2*p, -5*p - 2*h + 444 = k. List the prime factors of p.
2, 11
Let z = 4097 - 1134. What are the prime factors of z?
2963
Let p(l) = l**2 - 6*l + 2. Let t be p(6). Let s = -40 + 102. Suppose 3*z - 5*i = s, -t*z - 2*i + 40 = -6*i. List the prime factors of z.
2, 3
Suppose -5357 = -18*v + 2563. What are the prime factors of v?
2, 5, 11
Let x = 186 - 93. List the prime factors of x.
3, 31
Suppose -10668 = -9*y + 3*y. List the prime factors of y.
2, 7, 127
Let y(a) be the second derivative of a**4/12 - 5*a**3/6 + 7*a**2/2 - 11*a. List the prime factors of y(6).
13
Suppose 0 = 23*h - 28*h + 4270. What are the prime factors of h?
2, 7, 61
Let i = 27 + -24. Suppose 0 = i*h + t - 290, 3*h - 295 = -0*h - 2*t. What are the prime factors of h?
5, 19
Let j = 23 + -117. Let k = -4 - j. List the prime factors of k.
2, 3, 5
Let t(u) = 2*u**2 + 16*u - 167. List the prime factors of t(20).
953
Suppose 12 = -4*g + 2*g - 4*b, 5*g - 5*b - 15 = 0. Let a be 9 - 3 - -1 - g. What are the prime factors of a/7 + 14/1?
3, 5
Let k(m) = m**2 - 2*m + 5*m + 5*m + 20 + m**2. What are the prime factors of k(-9)?
2, 5, 11
Suppose 3*j + 117 - 324 = 3*n, n = -2*j + 147. Suppose 0 = 10*k - 24*k - 616. Let p = k + j. List the prime factors of p.
2, 7
Let g = 560 - 364. List the prime factors of g.
2, 7
Let k(p) = 4*p + 6. Let u be k(-9). Let x = u + 36. What are the prime factors of x?
2, 3
Let v = -12 + -2. Let t be ((-4)/v)/((-7)/(-49)). Suppose t*j = -5*z + 36, -4*z + 18 = 2. What are the prime factors of j?
2
Let d(k) be the second derivative of k**4/6 - k**3/6 + k**2/2 - 4*k. List the prime factors of d(3).
2
Let r = 89 + -83. Suppose r*h = -h + 1162. List the prime factors of h.
2, 83
Let i(f) = f - 7. Let x be i(4). Let c be 2 - -7*(x + 5). Suppose 4*y - c = 116. List the prime factors of y.
3, 11
Let r = -14 + 15. Let u(g) = 2*g**2 + g - r - 1 - 6*g + 3*g. List the prime factors of u(3).
2, 5
Let j = -2998 - -5800. What are the prime factors of j?
2, 3, 467
Suppose -4*o + 9*o - 3*r = 988, 0 = -2*o - 5*r + 389. List the prime factors of o.
197
Let k = 21 - 21. Suppose k = 2*g - 0 - 4. Suppose 3*z - 66 = 3*x, 3*x - 43 = -4*z - g*x. List the prime factors of z.
17
Suppose -6*u + 28 = 3*z - 2*u, 2*u - 8 = 0. What are the prime factors of 477/z - (-18)/24?
2, 3, 5
Let i(t) = -t**3 + 7*t**2 + 25*t + 12. Let l be i(9). Suppose 5*d = 42 - 302. Let y = l + d. List the prime factors of y.
23
Let n(z) = z**2 - 14*z + 4. Let b be n(13). Let j be 3/9 - 33/b. Suppose 31 + 29 = j*h. What are the prime factors of h?
3, 5
Suppose 11*u = 17*u - 864. What are the prime factors of u?
2, 3
Let g = 52 + -43. What are the prime factors of (1*(-2)/8)/(g/(-612))?
17
Let c = 19 - 17. Suppose -16 = -6*s + c*s. What are the prime factors of 7/14 + 150/s?
2, 19
Let j(v) = v**2 + 56*v + 665. What are the prime factors of j(-14)?
7, 11
Suppose -5*b - 1659 = -2*u, 2*u + 4*b - 2593 + 943 = 0. List the prime factors of u.
827
Suppose 896 = 9*t - 193. What are the prime factors of t + 9/((-9)/4)?
3, 13
Let l(k) = -k**3 - 3*k**2 + 4*k + 5. Let c be l(-3). Let m = c + 21. What are the prime factors of (m/(-4) - -3)*-26?
13
Let o be ((-8)/14)/((-13)/91). Suppose 3*s = 3*d - 12 - 39, 0 = d - o*s - 23. Suppose d = -j + 6*j. List the prime factors of j.
3
Let x be (0 - 1) + 3 + -2. Let o be 4 + -4 + x/1. Suppose -2*f + g = -18, -5*f + o*g + 42 = -g. What are the prime factors of f?
2
Let j = 41 - 32. Let p(k) = 5*k + 14. What are the prime factors of p(j)?
59
Let s(l) = l**3 + 18*l**2 - l - 18. Let b be s(-18). List the prime factors of b + 2 + 1 - -100.
103
Let i be 627/27 + (-2)/9. Let n = -11 + i. What are the prime factors of ((-9)/(-6) + 0)*n?
2, 3
List the prime factors of 2154 - ((-4)/18 + (-77)/(-63)).
2153
Let q(c) = -7*c**3 + 1. Let z be q(-1). Let f be (3 - z/4) + 0. List the prime factors of 4/(-2)*f + 15.
13
Let p(b) = -22*b - 99. What are the prime factors of p(-58)?
11, 107
Let h be 5*(-5 - -3)*1. Suppose -s = s - 44. Let a = s + h. List the prime factors of a.
2, 3
Let l(k) = -1 - 2*k + 12 - 4 + 3*k. Let o be l(-3). Suppose -o*r + n = -101, 2*r = -n - 4*n + 23. List the prime factors of r.
2, 3
Suppose -719 = -3*l + 376. List the prime factors of l.
5, 73
Suppose -20 = -y + 36. Suppose 3*o + 46 = 3*i + 2*o, 3*i = -o + y. Suppose 20 = 4*h, -4*f + 3*f + i = 3*h. List the prime factors of f.
2
Let p(z) = 11*z**2 - 7*z + 6. Let u(r) = -r**2 + r - 1. Let w(o) = p(o) + 2*u(o). Let g be w(3). Suppose -10 = 4*d - g. What are the prime factors of d?
3, 5
Let m = -1172 + 1922. Let o = m + -449. List the prime factors of o.
7, 43
Let l = 525 - -276. List the prime factors of l.
3, 89
Suppose c + 8 = -3*c. Let i be -3 + (3 + c - -2). List the prime factors of (-1 + 15)/(i - -1).
2, 7
Suppose -4*f = f - 45. Suppose s + 27 = -5*a, -a - 2*a = -3*s - f. Let r = 30 + s. What are the prime factors of r?
23
Let r(f) = 38*f - 251. What are the prime factors of r(21)?
547
Suppose 0 = -74*v + 79*v - 1980. Suppose 4*i + 2*g = 514 + 8, 0 = -3*i - 3*g + v. What are the prime factors of i?
3, 43
Suppose 2*s + 2 = i - 3*s, 0 = -2*i + s - 5. Let p(d) = -d**3 - 2*d**2 + d - 3. Let z be p(i). What are the prime factors of (-33 + z - 4)/(-1)?
2, 17
Let n = -82 - -74. Let v(r) = r - 5. Let c be v(0). Let p = c - n. What are the prime factors of p?
3
Let u be (-2)/8*4*(-5)/1. Let l(r) = 2*r**2 + 9*r - 8. What are the prime factors of l(u)?
3, 29
Let q = 798 - 546. List the prime factors of q.
2, 3, 7
Let j be -9 + (8/4)/1. Let f(s) = -s - 4. Let m be f(j). Suppose v = m*v - 42. List the prime factors of v.
3, 7
List the prime factors of 1318/12 - 4/(-24).
2, 5, 11
Let k = 7 + -9. Let m be k + (-3 - -2) + 32. Suppose 99 = 5*d + m. List the prime factors of d.
2, 7
Let l = -866 - -2010. List the prime factors of l.
2, 11, 13
Let t be (-6)/(1 - (-7)/(-10)). Let i(r) = -4*r - 63. Let f be i(-8). What are the prime factors of f/(-2) - (-10)/t?
3, 5
Suppose -3*x = -c + x - 2, 3*x = 0. Let h = c + 22. What are the prime factors of h?
2, 5
Suppose 3*v - 4*o + 109 = 620, o = v - 172. Let j = -76 + v. What are the prime factors of j?
101
Suppose 7*f + 40 = 6*f. Suppose -4*n + 52 - 20 = 0. Let q = n - f. What are the prime factors of q?
2, 3
Suppose 3*b - 15 = -0*b. Suppose 0 = 2*w - b*w + 21. List the prime factors of w.
7
Let z(g) = 3*g**3 - 3*g**2 + 3*g - 3. Let m be -2 + (-4)/(-2) + 2. Let f be z(m). Suppose 0*c - 3*c = f, -2*i + c + 51 = 0. What are the prime factors of i?
23
Suppose 5*d + 0*d + 95 = 0. Let i(c) = c**3 - c**2 - 8*c - 7. Let t be i(3). Let l = t - d. List the prime factors of l.
2, 3
Let r(l) be the first derivative of -l**3/3 + 5*l**2/2 + 2*l + 15. Let o(v) = 3*v - 5. Let p be o(3). What are the prime factors of r(p)?
2, 3
Let g be 18*(-2)/(-4) + -2. Let o(u) = -u**2 - 5*u + 2. Let y be o(-4). Suppose -g*w + y*w + 11 = 0. What are the prime factors of w?
11
Suppose 1919 = l - 4*y, -5*l + 5*y - 5706 = -8*l. List the prime factors of l.
1907
Let p be (1 - 5)/(8/(-28)). Let d = p + 3. Let q = -13 + d. What are the prime factors of q?
2
Let s = -136 + 277. Suppose y = -0*y - 100. Let v = s + y. List the prime factors of v.
41
Suppose 8*x - 4*x = 2*b - 492, 6 = 3*x. List the prime factors of b.
2, 5
Suppose 0 = -4*u + x + 1469 + 6551, -2*u = -5*x - 4028. What are the prime factors of u?
2, 3, 167
Let z = -2692 + 5552. What are the prime factors of z?
2, 5, 11, 13
Suppose 27 - 26 = o. What are the prime factors of 4 - (-2 - (o + -1))?
2, 3
Suppose 65*h - 5*n + 338 = 66*h, 2*h + 5*n = 656. What are the prime factors of h?
2, 3, 53
What are the prime factors of -2 - -6 - (7 - 1318)?
5, 263
Let f = -164 + 207. Suppose 0 = -4*c - w + 91, w = -4*c + 2*c + f. What are the prime factors of c?
2, 3
Let n(r) be the third derivative of r**6/120 - r**5/5 + 19*r**4/24 - 5*r**3/6 - r**2. What are the prime factors of n(12)?
223
List the prime factors of 0 + 61831/63 + (-24)/54.
3, 109
Let h(s) = 4214*s - 147. List the prime factors of h(1).
7, 83
Let h be -1 - 3 - (-3 + 248). Let l = -172 - h. What are the prime factors of l?
7, 11
Let m be (-8)/28 + 148/28. Suppose m*b - 26 = 44. Suppose 9*j = b*j - 160. What are the prime factors of j?
2
Suppose 3*q + 3*s = -63, -3*s + 7 = -8. Let a = q - -28. Suppose -a*u = -6*u + 288. List th